q(n) = n**3 - n + 5. Determine q(r).
5
Let c(y) = -4*y**2 + 8*y - 2. Let s(i) = 8*i - 3*i - 6*i**2 + 0*i**2 - 1 + 3*i**2. Let g(f) = -5*c(f) + 7*s(f). Give g(-5).
3
Suppose -5*d - 5 = -5*p, 4*p + 6*d = 3*d + 32. Let n(j) = -j**3 + 4*j**2 + 7*j - 5. What is n(p)?
5
Let k(d) = 11*d - 3. Let i(o) = 9*o - 3. Let s(n) = 3*i(n) - 2*k(n). Give s(6).
27
Let b(g) = -g - 1. Suppose -q + 3*q = -4. Let j be (-5 - -1) + q/2. Calculate b(j).
4
Suppose 0 = 2*q, -1 = 2*w - 4*q - 5. Let o = -7 + w. Let y be 1*o*(2 + -3). Let z(x) = x**2 - 6*x + 3. Determine z(y).
-2
Let r(z) be the third derivative of z**7/5040 - z**5/30 + 3*z**2. Let k(m) be the third derivative of r(m). Give k(-2).
-2
Let i(m) = -m**2 + 7*m - 3. Suppose -q - q = -4*t + 6, -5*t + 3*q + 6 = 0. Let p = t + -2. Let g be p/(-3) - (-57)/9. Determine i(g).
3
Suppose 0*w = 5*w - 5*g + 10, 0 = 3*w - 5*g + 6. Let n(c) = -c**3 - c + 1. Let x(a) = 3*a**3 + 3*a**2 - 4. Let f(u) = -2*n(u) - x(u). Give f(w).
-6
Let r = 20 + -18. Suppose 0*d - r = d. Let k(b) = -3*b**2 - 13*b - 6. Let h(y) = 2*y**2 + 6*y + 3. Let m(n) = -5*h(n) - 2*k(n). Give m(d).
-11
Let f(n) = -n**2 + n + 1. Let j(x) = 6*x - 38. Let m be j(6). Give f(m).
-5
Let t = 1 - 3. Let r be -1 + 2/(4/t). Let l(k) = -k**3 - 2*k**2 + 3*k + 3. Determine l(r).
-3
Let g(i) = -i**3 - 9*i**2 - i - 6. Let d(m) = -2*m**3 - 18*m**2 - 2*m - 12. Let h(x) = -4*d(x) + 7*g(x). What is h(-9)?
-3
Suppose -n + 3*n + 22 = 3*p, -3*n = p + 11. Suppose 13 = 4*l - 0*b + 3*b, p*l + 11 = 5*b. Let k(f) be the second derivative of -f**4/12 - 15*f. Determine k(l).
-1
Let z(r) = -r**3 - r - 1. Let d = 12 + -10. Let s be (3 - 4/d)/(-1). Calculate z(s).
1
Suppose -11*t = -50 - 16. Let q(j) = -j**3 + 4*j**2 + 10*j - 7. Determine q(t).
-19
Let q(i) = i + 3. Let x be q(-6). Suppose 0 = -3*z + 41 - 2. Let m(g) = 4 - 22*g + 8*g + z*g. Give m(x).
7
Let r(p) = -7 - p + 6 + 4 - 4. Give r(6).
-7
Let q(a) = 5*a - 1. Suppose -4*x = -16 - 32. Let u = -13 + x. What is q(u)?
-6
Let i = -1 - -1. Suppose i = -k - f + 5*f + 1, -2*k = -4*f - 2. Let q(w) be the first derivative of 4*w**3/3 + w**2 - w - 2. Determine q(k).
5
Let w(f) = -f**2 + 11*f - 9. Let c be w(8). Let q be 3*(-8)/60*c. Let h(z) = -z - 2. Determine h(q).
4
Let s(r) = r + 10. Let v = -24 + 9. Let y be s(v). Let a(q) = -2*q**2 - 12*q - 9. Let o(h) = -h**2 - 6*h - 5. Let j(c) = -6*a(c) + 11*o(c). What is j(y)?
-6
Let g(u) = -u. Let f(z) = -4*z. Let m(x) = f(x) - 5*g(x). Let s(t) = 3*t. Let q(n) = -4*m(n) + s(n). Calculate q(6).
-6
Let h(u) be the first derivative of u**2 + 5*u + 1. Let i(c) = -c - 2. Let f(s) = 3*h(s) + 7*i(s). Determine f(4).
-3
Suppose -3*y + 17 = -0*l + 2*l, -2*y = l - 11. Suppose -3*q = -2*q - y*f + 22, 8 = 2*f. Let p(k) = -k - 4. Determine p(q).
-2
Let y(v) = v**2 + v. Let z be (3/6)/((-3)/(-48)). Let k be (-2)/z - (-10)/8. What is y(k)?
2
Let a(o) be the second derivative of -o**5/20 + 7*o**4/12 + 5*o**3/3 - 3*o**2 - 30*o. Calculate a(8).
10
Suppose 4*i - 3*i + 7 = -5*w, 5*w + 10 = 0. Suppose r - 2 - 4 = -3*u, -u + i*r = -2. Let d(g) = g + 3*g**u + 3*g**2 - g**2 - g**2 - 1. Calculate d(1).
4
Let v(c) = -c**2 + 2*c - 2. Let k(q) = -q. Let f = 0 + 2. Suppose 0*g = -f*g - 4. Let w be k(g). Calculate v(w).
-2
Let g(w) = 2*w**3 + 57*w**2 + 28*w - 8. Let a be g(-28). Let x(z) = z + 10. Give x(a).
2
Suppose 7 = 3*h - m, -5*h = -4*m - 11 - 10. Let o(f) = 17*f**2 + 2*f - 1. Determine o(h).
18
Suppose s - 4 = 2*t, s - 4*t - 11 - 3 = 0. Let k(h) = -2*h - 13. Let q be k(s). Let u(b) = -b**2 + 0*b**2 + 0 + 1. Determine u(q).
0
Let s(o) = -o**2 + 2*o - 3. Suppose 3*n - 2*n = 0. Suppose 2*l + 6 = 4*h - h, n = 4*h - 16. Give s(l).
-6
Let n be 15/5*16/(-6). Let h be n + (1 - 2) + 0. Let f(p) = p**2 + 11*p + 13. Give f(h).
-5
Let s(l) = -2 - 1 + 2*l**2 - l**2 + 0 + 2*l. Determine s(-3).
0
Let n(c) = -c**2 - 5*c**2 + 3*c + c**3 - 5*c**2 + 5*c**2 + 5. What is n(5)?
-5
Let i(v) = 11*v + 9. Let q(c) = -3*c - 10. Let x(n) = -n - 3. Let d(u) = -2*q(u) + 7*x(u). Let a(j) = 6*d(j) + i(j). Let s be ((-3)/2)/((-3)/(-4)). Give a(s).
-7
Let j(z) be the first derivative of -z**4/4 + z**3 - z**2 + 2*z - 1. Let t(k) = 2*k - 4. Let w be t(5). Suppose w - 4 = q. Calculate j(q).
2
Let k(a) = -a + 14. Suppose -r - 3*r + 12 = 0. Suppose -5*w - r*p = 35, -25 = 2*w + 5*p + 8. Let v be 2/4*w + 2. What is k(v)?
14
Let k(h) be the third derivative of h**4/24 + h**3 - 2*h**2. What is k(-4)?
2
Let s(q) = q**3 - q**2 - q - 1. Suppose 4*v - 3*v = 0. What is s(v)?
-1
Let y be -1 + (-2 - -4)*2. Suppose -2*w = -w + y. Let z(x) = x**2 - x. Give z(w).
12
Let s(f) = 3*f**2 - f - 1. Let m be s(-1). Let k(v) be the third derivative of 1/60*v**5 + 0 - 1/24*v**4 + 0*v - 4*v**2 - 1/3*v**3. What is k(m)?
4
Let n(r) be the third derivative of -r**4/24 - 5*r**3/6 - 2*r**2 + 2. Let v(o) = o**3 - 5*o**2 - 5. Let j be v(5). Give n(j).
0
Suppose -320 = 3*s - 7*s. Let o be s/(-14) + 8/(-28). Let n(z) = z**2 + 8*z + 8. What is n(o)?
-4
Let t(c) = c. Suppose 0 = 5*d - x + 6*x - 10, 0 = 4*d + 3*x - 10. Calculate t(d).
4
Let a(l) = 3*l + 2. Let z be (-11 + -1)*2/(-6). Suppose 2*k = 4*j + 18, -j - 5*k - z = -27. Calculate a(j).
-4
Let p(g) = -g**2 + g - 3. Let c(x) = x**2 - 2*x + 3. Let l(w) = 3*c(w) + 2*p(w). Give l(2).
-1
Let f(d) = -d**2 - 2*d. Let n(m) = -1. Let y be 3/(1 - (1 - 3)). Let z(r) = y*f(r) - 4*n(r). What is z(-4)?
-4
Let f(n) = 4*n - 4. Suppose 6*c + 25 = c. Let w(o) = -7*o + 9. Let m(p) = -p**2 + 7*p + 5. Let z be m(8). Let k(g) = c*f(g) + z*w(g). Give k(5).
-2
Let r = -6 + 3. Let b = 3 + r. Let v be (0/1)/(1 + b). Let h(w) = -w - 2. Give h(v).
-2
Let o(y) = -y**2 + 2. Let q = -19 - -12. Let k = q - -10. Suppose k*p - 13 = -2*u, -5 = -2*p - p + 2*u. Calculate o(p).
-7
Let u(h) = 3*h**2 + 3*h - 2. Let y(g) = 2*g**2 + 2*g - 2. Let m(z) = 3*u(z) - 4*y(z). Let j = 9 + -9. Determine m(j).
2
Let r(k) = 12*k**3 + 5*k**2 + 2*k + 1. Let p(y) = -25*y**3 - 11*y**2 - 4*y - 2. Let h(u) = -3*p(u) - 7*r(u). Calculate h(-1).
8
Let p(d) = -d**3 - 2*d**2 - 4*d - 3. Let u = -154 + 152. Determine p(u).
5
Let z(d) be the third derivative of -d**4/24 - d**3/2 + 10*d**2. Let r = -3 - 2. Determine z(r).
2
Let f(v) = -v**2 - 3*v. Suppose 9 + 11 = -2*q. Let b = q - -5. Give f(b).
-10
Suppose 2*u + 22 = 4*v, 2*u + 20 = 4*v - 2*u. Let c(n) = 7*n**2 + 16*n - 23. Let a(f) = 3*f**2 + 8*f - 11. Let p(h) = 9*a(h) - 4*c(h). Calculate p(v).
5
Let v(o) be the third derivative of -o**4/24 + o**3/3 - 64*o**2. Determine v(-4).
6
Let h(f) be the second derivative of -1/24*f**4 + 0*f**3 + 3/2*f**2 + f + 0. Let v(y) be the first derivative of h(y). Calculate v(-2).
2
Suppose 3*c + 2*v - 1 = -0, 4*c + 4 = -4*v. Let u be 12/(21/6 - 2). Suppose c*z + 20 = u*z. Let i(o) = o**3 - 5*o**2 + 2*o + 2. Calculate i(z).
-6
Suppose 0 = -4*a + 5*a - 3. Let c be ((-2 + 2)/a)/(-1). Let u(t) = t**3 - t**2 - t - 7. Determine u(c).
-7
Let x be 30/8 - (-1)/4. Suppose -w = 1, -w = 4*i + x*w - 3. Let t(m) = 0*m**2 - 3 + 4*m**2 - 3*m**2 - i*m**2 + 2*m. What is t(2)?
-3
Let h(g) = -6*g + 1. Suppose 3*r = -r + 2*p + 6, -2*p = 4*r - 2. Calculate h(r).
-5
Let y(f) = f**3 + 6*f**2 + f + 7. Let q be (45/(-20))/(6/16). What is y(q)?
1
Suppose 0 = 5*i - 25 - 5. Let r(z) = 2*z**3 + 9*z**2 + 2*z - 5. Let a(b) = -b**3 - b**2 + 1. Let c be (1/3)/(2/(-18)). Let y(d) = c*a(d) - r(d). Calculate y(i).
-10
Suppose -h + 15 = 2*h, 5*z - 45 = -4*h. Let m(r) = r**3 - 6*r**2 + 4*r + 1. Determine m(z).
-4
Let c(p) = 0 - 3*p - 2 + 1. Let w be (-5 - 4) + 2 + 0. Let b(z) = -z**3 - 8*z**2 - 6*z + 8. Let q be b(w). Determine c(q).
-4
Let r(n) = -4*n + 4. Let f(w) = -4*w + 5. Let b(i) = 5*f(i) - 6*r(i). What is b(4)?
17
Let b(r) = -2*r + 23 + 16 - 38. Determine b(-4).
9
Let o = -15 + 21. Let p = o - 8. Let w(h) = -h**3 - h**2 + h + 2. Calculate w(p).
4
Let o(y) be the third derivative of y**6/120 + y**5/30 + y**4/12 - y**3/6 - 2*y**2. What is o(-2)?
-5
Let n = 10 + -14. Let a = -12 + 14. Let y(z) = 4*z**3 + 2*z + 2 - 3*z**3 - z + z + 4*z**a. What is y(n)?
-6
Let a(f) = -f**3 - 3*f**2 - 2*f - 1. Suppose -b - 13 + 10 = 0. Calculate a(b).
5
Let d(z) = -z**3 - 5*z**2 - z - 1. Let o(r) = -3*r - 44. Let w(m) = -m - 15. Let q(u) = 4*o(u) - 11*w(u). Let x be q(-9). Calculate d(x).
-11
Let x(r) = 2*r. Let c(o) = o - 1. Let g(m) = -3*c(m) + 2*x(m). Calculate 